4*x**2 - 4*x + 4. Let l be j(3). Let u = -7 - l. Let h(r) = r**2 + 5*r + 5. What is the tens digit of h(u)?
2
Suppose 722 = 2*u - 1852. What is the tens digit of u?
8
Let y = 46 - 48. Let t(f) = -23*f**3 - 5*f**2 - 5*f + 2. What is the units digit of t(y)?
6
Suppose -3*u = 5*n - 23, -3*n - 4*u + 13 = -2*u. Suppose 9*y - n*y = 212. What is the hundreds digit of y?
1
Let b = 3771 - 919. What is the tens digit of b?
5
Let l = 7452 + -2966. What is the hundreds digit of l?
4
Let i(d) = -d**2 + 6*d + 14. Suppose 0 = -2*l + 4*l - 5*x + 5, -2*l + 2*x = -10. Let w be i(l). Let b = -11 - w. What is the tens digit of b?
1
Suppose 0 - 12 = -3*x, -5*x + 10720 = 5*g. What is the thousands digit of g?
2
Suppose 0 = q - 4, -4*m - 5*q - 2 + 30 = 0. Suppose -i - 22 = o - 242, 0 = -5*i - 3*o + 1108. Suppose 4*z = -m*b - b + i, 4*b = 0. What is the units digit of z?
6
Let y be (0 - 3/(-6))*4. Suppose -y*d - 6 = -2. Let l(c) = -28*c - 7. What is the units digit of l(d)?
9
Let y(c) be the second derivative of -c**5/20 + c**4/2 - c**3 + c**2 - 4*c. Let p be y(5). What is the units digit of (-15)/(-3) + (-12)/p?
9
Let w(m) = 1. Let p(o) = 8*o + 12. Let v(l) = -2*p(l) + 18*w(l). What is the units digit of v(-4)?
8
Suppose 5*i + 1 = 21, 3*b - 2735 = i. What is the units digit of b?
3
Let n(h) be the first derivative of h**3 - 3*h**2 - 11*h + 1. What is the units digit of n(-6)?
3
Let f = 151 + -63. Suppose 3*v = 92 + f. What is the units digit of v?
0
Let p = -682 + 1386. Let u = p - 487. What is the units digit of u?
7
Let n(g) = -g**3 - 21*g**2 - 6*g - 4. Let q be n(-21). Suppose -2*r + o + q = 2*r, -5*o = 3*r - 80. What is the tens digit of r?
3
Suppose 3*l - 6*m + 11*m = 1043, 4*m = 3*l - 1061. What is the hundreds digit of l?
3
Let g(n) = n**2 - 6*n + 23. Let x(j) = -2*j**2 - 3*j + 6. Let z be x(3). Let q be (10/7)/((-3)/z). What is the units digit of g(q)?
3
Let u be 2 - (-2 + 1) - -21. Let q be (u/8)/(3/5). Suppose -139 = -q*b - 39. What is the tens digit of b?
2
Let d(u) = 4*u**2 + u. Let p be d(-1). Let o be p/9 - 52/(-6). Suppose 2*m - 7*m = -5*g + 35, 0 = g - 2*m - o. What is the units digit of g?
5
Let y(x) = 6*x**2 - x. Let n be y(1). Suppose -2*l = -7*l + n. What is the tens digit of (1 - -3)*(l - -7)?
3
What is the tens digit of -43*(-17 + (-14)/7)?
1
Let i be 117 - (-6)/9*3. Let g = i - 54. What is the tens digit of g?
6
Suppose 0 = -2*g + 1 - 17. Let p = 11 + g. What is the units digit of 2 + 1 + -5 + p?
1
What is the hundreds digit of 109*((0 - -3) + 4)?
7
Suppose 5*i + 2*x + 36 - 3985 = 0, 0 = -3*x + 6. What is the units digit of i?
9
Suppose -r = 4*s - 1227 - 2066, -4*r + 4*s = -13272. What is the units digit of r?
3
Suppose -3*i = 4*g + 3, i - 9 = -i + g. Suppose -9 = -3*j + i. Suppose -j*t + 3*v = -2*v - 82, 117 = 5*t + v. What is the units digit of t?
3
Suppose 0 = -3*q - k + 5*k + 1394, -4*k + 486 = q. What is the units digit of q?
0
What is the thousands digit of (-2084)/((-3 - -1)*1)?
1
Let p = 617 - 109. What is the units digit of p?
8
Let k be (-12)/(-7) + 6/21. Suppose k*x = -58 + 208. Suppose 4*s - 120 = -5*r, 0*s + s + x = 4*r. What is the units digit of r?
0
Suppose 7*x - 18499 = -4982. What is the tens digit of x?
3
Let u(s) = -s**3 + 5*s**2 - 4*s + 2. Let v be u(4). Suppose -c = v*c - 96. What is the tens digit of c?
3
Let v = 727 - 328. What is the hundreds digit of v?
3
Let l be (4/5)/(5/25). Suppose 3*c = p - 2*p + 113, -l*c - 372 = -4*p. What is the units digit of p?
8
Suppose 0*c + 2*c = 4. Suppose -2*u - 14 = 5*h, 0 = 9*u - 8*u - 4*h + 7. Let n = c - u. What is the units digit of n?
9
Suppose -3*f + 48 = 2*c, -3*f + 2*c + 60 = -0*f. Suppose 0 = 2*d + 5*a - f - 0, 10 = 5*a. What is the units digit of d?
4
Let k = -10 - -11. Let s(m) = 5*m**2 - m. Let h be s(k). Suppose -f = -5*f - h*t + 24, 0 = -2*f - 5*t + 9. What is the units digit of f?
7
Let w be (22/(-8))/(1/(-4)). Let n = 10 - w. What is the units digit of (-3)/9*(-80 + n)?
7
Let q(k) = -9*k - 45. Let u be q(-5). Suppose -h - 6*w + 244 = -4*w, u = h - 2*w - 228. What is the units digit of h?
6
Let h(s) = 58*s**2 - 12*s + 15. What is the units digit of h(4)?
5
What is the units digit of (2*(-36)/(-24))/((-6)/(-5426))?
3
Let k = 3 + 3. Let l be 22/k + 2/(-3). Let u(s) = 7*s - 5. What is the tens digit of u(l)?
1
Suppose -5*v + 201 = -2*v. Let r = 81 + -125. Let k = v + r. What is the units digit of k?
3
Let b be (0*(-1)/4 - -409)*1. Suppose 18 = 7*j - b. What is the tens digit of j?
6
Suppose 3*g - 5*g = -2*u + 10, 0 = -5*u + 2*g + 16. Suppose u*q - 8 = 0, 0 = 7*p - 3*p - 5*q + 100. What is the tens digit of ((-105)/p)/(2/8)?
2
Let v = 10 + -9. Let x = v + 3. Suppose -20 = -s - x*s. What is the units digit of s?
4
What is the tens digit of 8*(8 + -3)*181/10?
2
Suppose -3*t + 1308 = z + 3*z, -3*t + 984 = 3*z. What is the tens digit of (z/24)/(1/2)?
2
What is the units digit of -22 - -662 - (-3)/1?
3
Suppose -5*a - 4*w = -22, 4*w - 2 = -2*a - w. Suppose 9*b = a*b + 216. What is the tens digit of b?
7
Let k(r) = -r**2 + 3*r - 2. Let o be k(3). Let a(z) = -2*z - 1. Let g be a(o). Suppose 8 = j + g*j. What is the units digit of j?
2
Suppose 0 = -2*d + 6, -2*b = -0*b - 4*d + 4. Suppose -2*r + 276 = b*r. Suppose -4*j - r = -302. What is the units digit of j?
4
Suppose 45 = 2*n + n. Suppose -n - 10 = -5*k. Suppose 9 = j - 2*s - 9, k*j - 2*s = 90. What is the units digit of j?
8
Suppose -4*z = -3*k - 147, 5*z = -2*k + 88 + 90. Suppose 5*u + z - 171 = 0. What is the units digit of u?
7
Let p(q) = 5*q - 37 + 11 - 1. What is the units digit of p(13)?
8
Let m(s) be the first derivative of 143*s**3/3 + s**2/2 - 5. What is the hundreds digit of m(1)?
1
Let t = 1 - -14. Suppose 3*b - 5*j = 5*b - 5, 0 = -2*b - 3*j - 5. Let g = t + b. What is the units digit of g?
5
Let j = 935 - -2888. What is the units digit of j?
3
Let m be 19 + -2 - 6/(-3) - 1. Let f(r) = r**2 - 18*r + 5. What is the units digit of f(m)?
5
Let h be (-8)/(-3) + 4/(-6). Suppose -t - h*t + 171 = 0. Suppose -8*z = -5*z - t. What is the units digit of z?
9
Suppose -1510 = 4*k - 3718. What is the units digit of k?
2
Let s = -61 - -80. Suppose -13*v - 384 = -s*v. What is the tens digit of v?
6
Let m = 18 + -19. What is the tens digit of (66/55)/(m/(-35))?
4
What is the hundreds digit of -2*(-4)/(-16) + 69020/56?
2
Suppose -o = 3*i - 0 + 12, 3*o = 4*i + 29. Suppose 4*x = j + 20, -x + o*j + 32 = 4*x. Suppose 2*q = q + x. What is the units digit of q?
4
Let c(r) = -r**3 + 22*r**2 - 15*r + 46. Let x be c(21). Let v = -130 + x. What is the tens digit of v?
4
What is the units digit of (29 + -6)*222*(-4)/(-8)?
3
Let h = 132 - 81. What is the hundreds digit of 8194/h*(-3)/(-2)?
2
What is the units digit of ((-10608)/18)/4*-18?
2
Let b = -3 + -3. Let h(u) = -u**2 - 4*u + 3. Let j be h(b). What is the tens digit of (j - -12)*(-7)/(-1)?
2
What is the hundreds digit of 4/(5*(-7)/(-1540))?
1
Let v be 2/(-4 - 18/(-4)). Suppose -v*c = 4*d + 584, 3*c + 292 = -d - d. What is the units digit of d/(-3) + (-12)/18?
8
Let k = -691 + -40. Let x = -454 - k. What is the hundreds digit of x?
2
Let q be -60*(2 - (11/2 - 2)). Suppose 0 = 3*t - q - 15. What is the units digit of t?
5
Suppose 0 = -2*z - 2*z + 48. Suppose 0 = b + 5*g - 24, 54 = 2*b + g - z. What is the units digit of b?
4
Let y(b) = 62*b + 566. What is the thousands digit of y(24)?
2
Let b(j) = -7*j - 11. Let c = -38 - -31. What is the units digit of b(c)?
8
Suppose 0 = 3*f + 45 + 18. Let u(c) = -6*c**2 + 19*c - 43. Let t(q) = 5*q**2 - 19*q + 40. Let w(s) = -7*t(s) - 6*u(s). What is the tens digit of w(f)?
2
Suppose 381 + 821 = 3*b + 4*r, 0 = -3*r - 12. Suppose -3*l - b = -5*k, -l + 0 + 3 = 0. What is the tens digit of k?
8
Let g = -95 - -97. What is the units digit of (52 + 24)/(g/1 - 0)?
8
Let u be (-38)/5 + ((-120)/(-25))/8. What is the tens digit of (-2 - 1)*((-749)/21 - u)?
8
Suppose 0 = -4*k + 3*k - 3*m - 13, -3*m = 15. Suppose -k = -4*d + 18. Suppose -1 = -d*g + 14. What is the units digit of g?
3
Suppose -2*c - 31 = -3*c. Suppose -4*g = -f - 115, g + 0*f - c = f. Let i = g - 6. What is the units digit of i?
2
Let q = -9 - -13. Suppose -489 = -q*r - 65. What is the tens digit of r?
0
Let p = -13 + 11. Let w = p + 4. Suppose -4*i - g = -87 - 46, 59 = w*i + 3*g. What is the units d